{"id":1574,"date":"2023-04-19T08:14:04","date_gmt":"2023-04-19T08:14:04","guid":{"rendered":"https:\/\/niceart.si\/?post_type=product&#038;p=1574"},"modified":"2023-04-19T08:14:06","modified_gmt":"2023-04-19T08:14:06","slug":"mali-kroznik-cokoladni-posip","status":"publish","type":"product","link":"https:\/\/niceart.si\/?product=mali-kroznik-cokoladni-posip","title":{"rendered":"Mali kro\u017enik &#8220;\u010dokoladni posip&#8221;"},"content":{"rendered":"<p>Unikaten stekleni kro\u017enik\u00a0lahko uporabite kot okrasen predmet ali jedilni servis&#8230;. Iz ve\u010d steklenih kro\u017enikov se lahko sestavi unikaten servis, kjer je vsak kro\u017enik malo druga\u010den, pa kljub temu deluje z ostalimi kot celota.\u00a0<\/p>\n<p>Kro\u017enik\u00a0je, kljub krhkemu materialu, trpe\u017een in vzdr\u017eevanje je enostavno&#8230; lahko ga operemo v pomivalnem stroju. \u010ce imate \u017eeljo po kompletu ve\u010d kro\u017enikov, me kontaktirajte.\u00a0<\/p>\n<p>&nbsp;<\/p>\n<p>&nbsp;<\/p>\n","protected":false},"excerpt":{"rendered":"<p>Steklen\u00a0kro\u017enik\u00a0v mle\u010dno beli barvi z \u00a0rjavimi pikicami, ki spominjajo na \u010dokoladni posip&#8230; lahko tudi v kompletu ve\u010d kro\u017enikov (kontaktirajte me za ponudbo).<\/p>\n<p>velikost: 21x21cm<\/p>\n<p>&nbsp;<\/p>\n<p>&nbsp;<\/p>\n","protected":false},"featured_media":710,"template":"","meta":[],"product_cat":[53],"product_tag":[],"class_list":{"0":"post-1574","1":"product","2":"type-product","3":"status-publish","4":"has-post-thumbnail","6":"product_cat-sklede-in-krozniki","8":"first","9":"instock","10":"sold-individually","11":"purchasable","12":"product-type-simple"},"_links":{"self":[{"href":"https:\/\/niceart.si\/index.php?rest_route=\/wp\/v3\/product\/1574","targetHints":{"allow":["GET"]}}],"collection":[{"href":"https:\/\/niceart.si\/index.php?rest_route=\/wp\/v3\/product"}],"about":[{"href":"https:\/\/niceart.si\/index.php?rest_route=\/wp\/v2\/types\/product"}],"wp:featuredmedia":[{"embeddable":true,"href":"https:\/\/niceart.si\/index.php?rest_route=\/wp\/v2\/media\/710"}],"wp:attachment":[{"href":"https:\/\/niceart.si\/index.php?rest_route=%2Fwp%2Fv2%2Fmedia&parent=1574"}],"wp:term":[{"taxonomy":"product_cat","embeddable":true,"href":"https:\/\/niceart.si\/index.php?rest_route=%2Fwp%2Fv2%2Fproduct_cat&post=1574"},{"taxonomy":"product_tag","embeddable":true,"href":"https:\/\/niceart.si\/index.php?rest_route=%2Fwp%2Fv2%2Fproduct_tag&post=1574"}],"curies":[{"name":"wp","href":"https:\/\/api.w.org\/{rel}","templated":true}]}}